ative of j**4/12 + j**3/6 - 4*j. Let p be i(3). What is the greatest common divisor of 3 and p?
3
Suppose -5*y - 8 - 12 = 0. Let z(w) = w**3 + 3*w**2 - 5*w + 3. Let d be z(y). What is the greatest common divisor of 35 and d?
7
Suppose 4*f - 4 = 2*f. Let g = f + 6. Suppose -2 + 4 = -x, -3*x - 150 = -2*k. What is the highest common divisor of k and g?
8
Let t = -35 + 106. Suppose -2*d = -5*w - 42, -5*d = -3*w - w - t. Let h be 90 + -3 + (-2)/(-2). What is the highest common divisor of h and d?
11
Let a = 7 + 41. Calculate the highest common divisor of 48 and a.
48
Let v(f) = f**3 + 2*f**2 + 4*f - 7. Let b be v(4). Let h = -25 + 46. What is the greatest common divisor of b and h?
21
Let w = 7 - 6. What is the greatest common divisor of w and 1?
1
Suppose -u = 2*r - 87, -5*u + 4*r + 372 = -u. Suppose -f - 19 + u = 0. What is the greatest common divisor of 12 and f?
12
Let h = 171 + -147. Calculate the greatest common factor of 12 and h.
12
Let b be (12*2)/3 + 3. Calculate the greatest common divisor of b and 55.
11
Let r(y) = -y**3 - y**2 + 10. Let l be r(0). Let c be (40/14)/((-4)/(-28)). What is the highest common divisor of l and c?
10
Let b(x) = 6*x - 16. Let m be b(7). What is the highest common divisor of m and 26?
26
Let s be ((-28)/6)/(1/3). Let y = -4 + -24. Let d = s - y. Calculate the greatest common divisor of d and 14.
14
Suppose -9 - 5 = -l. What is the greatest common divisor of l and 28?
14
Suppose 9*j - 3*c = 4*j + 16, -j - 4 = 3*c. Suppose -5*o = 0, -j*m + 32 - 2 = -o. What is the highest common factor of 10 and m?
5
Let q(a) = -a**2 - 15*a + 2. Let v be q(-8). What is the highest common factor of 29 and v?
29
Let i be -3 + 5 - 0/1. Suppose 3*a + 2*l - 49 = 0, -21 = -i*a + 2*l - l. What is the highest common divisor of 26 and a?
13
Suppose 36 = -u + 5*u. Suppose 0 = 5*l - 10 - 20. What is the highest common divisor of l and u?
3
Suppose 0 = -3*q - 0*q + 390. Suppose -9*x + q = -7*x. Let v be 10/x + 102/13. Calculate the highest common factor of v and 1.
1
Suppose -r + 0*r = k - 2, 4*k + 13 = 3*r. What is the greatest common divisor of 21 and r?
3
Let g(r) = -r - 6. Let q be g(-9). Let t be (-2)/q + 29/3. What is the greatest common factor of 36 and t?
9
Suppose 22 = m + m. Calculate the highest common factor of 77 and m.
11
Let j(n) = n**3 + 11*n**2 + 25*n - 6. Let r be j(-6). Let h(x) = 6*x**3 - 4*x**2 + 3*x - 2. Let y be h(2). Calculate the greatest common divisor of r and y.
12
Let a be 6*(3 + -2) + -1. Calculate the greatest common divisor of a and 45.
5
Suppose 40 = -h + 6*h. Calculate the highest common divisor of h and 32.
8
Suppose 4*c + 384 = 3*h + h, -2*c + 372 = 4*h. What is the highest common factor of h and 47?
47
Let g(o) = 73*o**3 - o. Let z be g(1). What is the greatest common divisor of 48 and z?
24
Let d(q) = -10*q - 4 + 2*q - 1. Suppose -5*b - 24 = 1. Let f be d(b). Calculate the highest common factor of f and 5.
5
Let v = 88 + -68. What is the highest common factor of 90 and v?
10
Let k(n) = n**2 - 9*n - 12. Let v be k(9). Let p be v/(-18) + 10/3. Calculate the highest common divisor of 2 and p.
2
Suppose 9*q - 30 = 4*q. What is the greatest common divisor of q and 24?
6
Suppose -265 + 10 = -3*i. Calculate the greatest common divisor of 17 and i.
17
Let z = -10 - -17. Let d = z + -9. Let u = d - -14. What is the highest common factor of u and 12?
12
Suppose -31*m - 90 = -40*m. Let l = 508 + -358. Suppose l = z + 2*z. What is the highest common divisor of z and m?
10
Let o = -1 - -3. Let f(x) = -x - 4. Let v be f(-2). Let d be v + 2*(-15)/(-6). Calculate the greatest common divisor of o and d.
1
Suppose -8*y = -7*y - 3. Suppose 2*x = y*x - 9. Calculate the highest common factor of x and 72.
9
Suppose 250 = 5*l + 5*l. What is the greatest common divisor of l and 1?
1
Let d(w) = -w + 3. Let l be d(7). Let j be (12/9)/(l/(-18)). Let a(f) = f**2 + 5*f + 6. Let x be a(-5). What is the greatest common divisor of j and x?
6
Let g(b) = b + 1. Let a be g(10). What is the highest common factor of a and 1?
1
Suppose 4*j + 9 = 137. What is the highest common divisor of j and 16?
16
Let b(u) = u**2 - 2*u - 3. Let j be b(5). Let w(k) = -7*k - 16. Let v be w(-16). Calculate the highest common factor of v and j.
12
Suppose -3*j - 3*u = -48, 8*u = -5*j + 4*u + 81. What is the greatest common divisor of j and 34?
17
Suppose 0 = -10*a + 11*a - 8. What is the greatest common divisor of 64 and a?
8
Let q(x) = 6*x**2 - 3*x - 3. Let u be q(3). What is the greatest common divisor of u and 21?
21
Suppose -4*b + 72 = -b. What is the greatest common factor of 24 and b?
24
Let j be 8/6 + 4/6. Let y be 3/(1*(-9)/(-6)). What is the greatest common factor of y and j?
2
Suppose -z - 5 = 3*o - 5*z, 4*z = 8. Let u = 5 - 1. Let h be 0/(1 - 0) + u. What is the greatest common factor of o and h?
1
Let z = 14 + -27. Let n = -3 - z. Calculate the highest common factor of n and 10.
10
Let a(j) = j + 8. Let c be a(7). What is the highest common factor of c and 12?
3
Suppose 0 = -6*f + 2*f + 28. Let u = f - -7. Let d(s) = 7*s**2 + 2*s - 1. Let p be d(-3). Calculate the highest common factor of p and u.
14
Let b be (-526)/(-18) + (-2)/9. Calculate the greatest common factor of 87 and b.
29
Let x(g) = g - 1. Let p be x(2). Let r be -7*((p - 2) + 0). Suppose -3*h + r = -59. What is the highest common divisor of h and 55?
11
Let x(s) = -61*s - 1. Let t be x(-2). What is the highest common factor of 11 and t?
11
Suppose -2*d + 6*d - 20 = 0. Let j be 1756/22 - 4/(-22). Suppose -5*b + b + j = 0. What is the greatest common factor of d and b?
5
Let k = 67 - 33. Calculate the highest common factor of 51 and k.
17
Suppose 0 = -3*f + 5*f - 2*u - 42, 2*u + 60 = 3*f. What is the greatest common factor of f and 162?
18
Suppose -3*z - 59 = -341. Let k = z - -49. Suppose 6*j + u + 23 = 8*j, -3*j + 3*u + 30 = 0. Calculate the highest common factor of j and k.
13
Let h(b) = b - 14. Let x be h(6). Let r = x + 17. What is the greatest common divisor of r and 81?
9
Let a(p) = 2*p**2 + p + 2. Let y be a(-2). Let h(g) = -3*g**3 + 3*g + g + 10 + y*g**2 + 2*g**3. Let x be h(8). Calculate the highest common factor of x and 63.
21
Let a(r) = -r**3 + r**2 - 2*r + 4. Let g be a(0). Let b be (-36)/(-10) + 8/20. Calculate the highest common divisor of b and g.
4
Suppose 8 = 3*r - 7. Let d(b) = 10*b - 3. Let z be d(r). Suppose 5*q - 1 = -w, 5*w + 5*q - z = q. What is the greatest common factor of 88 and w?
11
Let q be (390/(-50))/((-2)/30). Calculate the greatest common divisor of q and 9.
9
Let w = 27 + -18. Suppose 0 = -48*i + 54*i - 72. Let o = i + w. Calculate the highest common divisor of o and 14.
7
Let y be (60/(-100))/(1/(-5)). Calculate the highest common divisor of 33 and y.
3
Suppose 4*a - 4 - 10 = -2*p, 2*a - 4*p = -18. What is the greatest common factor of a and 8?
1
Suppose -4*s + 3*s + 11 = 0. Calculate the highest common divisor of s and 121.
11
Suppose 0 = -4*m - 0*o - 5*o + 161, -m = -5*o - 34. What is the highest common divisor of 26 and m?
13
Let m = -5 + 3. Let j(c) = -2*c**3 - 3*c**2 - 2*c. Let n be j(m). Let y = 4 - 0. What is the highest common factor of y and n?
4
Suppose -7*s + 9 = -4*s. Calculate the greatest common factor of s and 2.
1
Let v be 3*1 - (4 + -3). Suppose -v*x = 2*x. Suppose -2*p + 0*p + 28 = x. Calculate the highest common factor of p and 14.
14
Let c(b) = -b**2 + 6*b + 8. Let a be c(7). Let q be (3 - a - -11)*1. What is the highest common divisor of 91 and q?
13
Let i = -41 - 12. Let k = i - -74. Calculate the greatest common divisor of 7 and k.
7
Let s(n) = n**3 + 9*n**2 + 5*n + 10. Let u be s(-8). Calculate the greatest common divisor of u and 119.
17
Suppose -4*s + 25 = s. Suppose -3*d + 4*z + 46 = 0, -3*z + 18 = -0*d + 3*d. Calculate the greatest common divisor of d and s.
5
Let m(y) = -19*y**3 + y**2 - 1. Suppose 5 = -5*q - 0. Let b be m(q). Let o(n) = 11*n - 9. Let c be o(6). What is the greatest common divisor of c and b?
19
Let g be ((-20)/16)/((-3)/4)*3. Suppose 0 = -q + 3*q - 70. Calculate the highest common divisor of q and g.
5
Suppose -4*u - 5 = -h, u + 4*u = -3*h + 66. Suppose h = -0*c + c. Let y = -8 + c. What is the greatest common divisor of y and 18?
9
Let z = 78 + -57. Calculate the highest common divisor of 7 and z.
